at are the prime factors of 3192365?
5, 11, 58043
What are the prime factors of 12776495?
5, 31, 2659
List the prime factors of 19554030.
2, 3, 5, 167, 1301
List the prime factors of 6423588.
2, 3, 109, 1637
What are the prime factors of 5707012?
2, 1426753
List the prime factors of 2459420.
2, 5, 122971
What are the prime factors of 913742?
2, 456871
What are the prime factors of 2290190?
2, 5, 7, 32717
List the prime factors of 203145.
3, 5, 29, 467
List the prime factors of 1128459.
3, 376153
What are the prime factors of 5472104?
2, 11, 5653
List the prime factors of 94750.
2, 5, 379
List the prime factors of 3932260.
2, 5, 196613
What are the prime factors of 2114471?
131, 16141
List the prime factors of 5551427.
7, 61, 13001
What are the prime factors of 74676?
2, 3, 7, 127
What are the prime factors of 23074374?
2, 3, 113, 34033
List the prime factors of 45475.
5, 17, 107
List the prime factors of 195517.
7, 17, 31, 53
List the prime factors of 101408.
2, 3169
List the prime factors of 687112.
2, 85889
What are the prime factors of 7773458?
2, 7, 11, 7211
What are the prime factors of 50559?
3, 19, 887
List the prime factors of 4484543.
7, 640649
What are the prime factors of 59133?
3, 23, 857
List the prime factors of 2509630.
2, 5, 250963
List the prime factors of 8042472.
2, 3, 19, 5879
List the prime factors of 188072.
2, 23509
What are the prime factors of 700646?
2, 61, 5743
What are the prime factors of 36074260?
2, 5, 29, 37, 41
What are the prime factors of 124926?
2, 3, 47, 443
List the prime factors of 1168848.
2, 3, 8117
What are the prime factors of 346639?
346639
What are the prime factors of 524055?
3, 5, 7, 23, 31
List the prime factors of 1003501.
31, 32371
What are the prime factors of 12381316?
2, 3095329
What are the prime factors of 504184?
2, 19, 31, 107
What are the prime factors of 461398?
2, 7, 32957
List the prime factors of 273083.
273083
List the prime factors of 512107.
19, 26953
What are the prime factors of 211288?
2, 7, 11
List the prime factors of 289397.
289397
What are the prime factors of 128282?
2, 7, 11, 17
List the prime factors of 2721433.
11, 13, 19031
What are the prime factors of 1900240?
2, 5, 23753
What are the prime factors of 308400?
2, 3, 5, 257
List the prime factors of 734839.
7, 113, 929
What are the prime factors of 1438006?
2, 23, 43, 727
List the prime factors of 18124640.
2, 5, 113279
What are the prime factors of 1051643?
1051643
What are the prime factors of 629887?
83, 7589
List the prime factors of 10645518.
2, 3, 13, 136481
List the prime factors of 507660.
2, 3, 5, 8461
What are the prime factors of 537900?
2, 3, 5, 11, 163
List the prime factors of 278287.
31, 47, 191
List the prime factors of 5131182.
2, 3, 7, 31, 563
What are the prime factors of 243457?
17, 14321
List the prime factors of 86193.
3, 61, 157
What are the prime factors of 319306?
2, 13, 12281
What are the prime factors of 452684?
2, 113171
What are the prime factors of 95094?
2, 3, 587
List the prime factors of 627049.
23, 137, 199
List the prime factors of 13001125.
5, 104009
List the prime factors of 277549.
277549
What are the prime factors of 834349?
239, 3491
List the prime factors of 205614.
2, 3, 11423
List the prime factors of 224888.
2, 28111
What are the prime factors of 100514?
2, 29, 1733
What are the prime factors of 12319292?
2, 139, 22157
List the prime factors of 11160415.
5, 7, 17, 18757
What are the prime factors of 3895035?
3, 5, 97, 2677
List the prime factors of 13409975.
5, 536399
What are the prime factors of 2294058?
2, 3, 13, 29411
What are the prime factors of 496347?
3, 165449
List the prime factors of 86749.
13, 6673
List the prime factors of 655093.
257, 2549
What are the prime factors of 32932830?
2, 3, 5, 7, 156823
List the prime factors of 96548.
2, 24137
What are the prime factors of 47817?
3, 7, 11, 23
What are the prime factors of 605034?
2, 3, 33613
List the prime factors of 8886470.
2, 5, 29, 30643
What are the prime factors of 13327309?
863, 15443
What are the prime factors of 1127360?
2, 5, 13, 271
List the prime factors of 223844.
2, 107, 523
What are the prime factors of 339847?
17, 19991
List the prime factors of 1805550.
2, 3, 5, 12037
List the prime factors of 705693.
3, 235231
What are the prime factors of 4536348?
2, 3, 17, 37, 601
What are the prime factors of 349490?
2, 5, 34949
List the prime factors of 4662671.
13, 358667
List the prime factors of 142164.
2, 3, 11, 359
List the prime factors of 3054243.
3, 1009
List the prime factors of 948164.
2, 7, 33863
List the prime factors of 253135.
5, 50627
What are the prime factors of 323444?
2, 11, 7351
What are the prime factors of 1012787?
433, 2339
What are the prime factors of 3780869?
3780869
List the prime factors of 2939542.
2, 71, 127, 163
List the prime factors of 207926.
2, 103963
List the prime factors of 170658.
2, 3, 19, 499
List the prime factors of 14920129.
7, 2131447
What are the prime factors of 14820819?
3, 13, 293, 1297
What are the prime factors of 2607691?
127, 20533
List the prime factors of 12055482.
2, 3, 17, 39397
List the prime factors of 1205695.
5, 293, 823
List the prime factors of 1306977.
3, 7, 17, 523
What are the prime factors of 981501?
3, 47, 6961
What are the prime factors of 22125731?
22125731
List the prime factors of 8747463.
3, 419, 6959
List the prime factors of 2558937.
3, 163, 5233
List the prime factors of 1844415.
3, 5, 17, 2411
List the prime factors of 198159.
3, 13, 5081
List the prime factors of 120962.
2, 31, 1951
List the prime factors of 1327019.
1327019
List the prime factors of 262616.
2, 17, 1931
What are the prime factors of 1185770?
2, 5, 283, 419
What are the prime factors of 210403?
210403
List the prime factors of 14645161.
14645161
What are the prime factors of 14813436?
2, 3, 11, 112223
What are the prime factors of 109782?
2, 3, 19, 107
What are the prime factors of 12818882?
2, 19, 337339
What are the prime factors of 188830?
2, 5, 23, 821
What are the prime factors of 195126?
2, 3, 17, 1913
List the prime factors of 15578013.
3, 11, 547, 863
List the prime factors of 574480.
2, 5, 43, 167
What are the prime factors of 11593079?
881, 13159
What are the prime factors of 20645?
5, 4129
What are the prime factors of 3613481?
3613481
List the prime factors of 31111.
53, 587
What are the prime factors of 20269072?
2, 23, 55079
List the prime factors of 2626963.
37, 70999
List the prime factors of 11606375.
5, 11, 23, 367
List the prime factors of 62594.
2, 7, 17, 263
What are the prime factors of 220663?
220663
What are the prime factors of 92959?
92959
List the prime factors of 333685.
5, 11, 6067
What are the prime factors of 2473600?
2, 5, 773
List the prime factors of 11465938.
2, 11, 521179
List the prime factors of 9021678.
2, 3, 1503613
List the prime factors of 661187.
661187
What are the prime factors of 1093778?
2, 7, 11161
What are the prime factors of 4711427?
7, 29, 23209
What are the prime factors of 13350?
2, 3, 5, 89
List the prime factors of 319509.
3, 131, 271
What are the prime factors of 3036005?
5, 7, 86743
List the prime factors of 1490373.
3, 17, 191
List the prime factors of 1513955.
5, 302791
What are the prime factors of 66861?
3, 17, 19, 23
List the prime factors of 3994663.
23, 29, 53, 113
List the prime factors of 4857638.
2, 31, 47, 1667
List the prime factors of 6742882.
2, 3371441
What are the prime factors of 11812207?
11, 1073837
List the prime factors of 334456.
2, 97, 431
List the prime factors of 2673920.
2, 5, 2089
What are the prime factors of 219377?
219377
List the prime factors of 1245706.
2, 7, 11, 8089
List the prime factors of 79391.
13, 31, 197
List the prime factors of 605414.
2, 271, 1117
What are the prime factors of 174902?
2, 7, 13, 31
What are the prime factors of 5092550?
2, 5, 179, 569
List the prime factors of 770926.
2, 13, 149, 199
What are the prime factors of 20721888?
2, 3, 11, 31, 211
What are the prime factors of 939395?
5, 89, 2111
List the prime factors of 102569.
109, 941
List the prime factors of 596537.
596537
What are the prime factors of 761223?
3, 253741
What are the prime factors of 19744?
2, 617
List the prime factors of 511519.
511519
List the prime factors of 743256.
2, 3, 31, 37